{"id":668,"date":"2019-03-04T11:34:18","date_gmt":"2019-03-04T11:34:18","guid":{"rendered":"https:\/\/www.spp2130.de\/?page_id=668"},"modified":"2022-04-07T15:29:42","modified_gmt":"2022-04-07T13:29:42","slug":"robert-nobili","status":"publish","type":"page","link":"https:\/\/www.spp2130.de\/index.php\/robert-nobili\/","title":{"rendered":"Robert Nobili"},"content":{"rendered":"<h4>Kulturelle \u00dcbersetzung als multidirektionaler Prozess<\/h4>\n<p>&nbsp;<\/p>\n<h5>Roberto Nobili als missionarischer \u00dcbersetzer zwischen Kulturen, Religionen und Institutionen<\/h5>\n<p>&nbsp;<\/p>\n<figure style=\"float: left; padding-right: 10px;\"><img loading=\"lazy\" decoding=\"async\" class=\"alignleft size-medium wp-image-2531\" src=\"https:\/\/www.spp2130.de\/wp-content\/uploads\/2019\/05\/Roberto-Nobili-210x300.jpg\" alt=\"\" width=\"210\" height=\"300\" srcset=\"https:\/\/www.spp2130.de\/wp-content\/uploads\/2019\/05\/Roberto-Nobili-210x300.jpg 210w, https:\/\/www.spp2130.de\/wp-content\/uploads\/2019\/05\/Roberto-Nobili-768x1098.jpg 768w, https:\/\/www.spp2130.de\/wp-content\/uploads\/2019\/05\/Roberto-Nobili-716x1024.jpg 716w, https:\/\/www.spp2130.de\/wp-content\/uploads\/2019\/05\/Roberto-Nobili-600x858.jpg 600w\" sizes=\"(max-width: 210px) 100vw, 210px\" \/><figcaption style=\"font-size: 8pt;\"><span style=\"font-size: 10pt;\">Roberto Nobili: \u00d1ana Upad\u0113sam,<br \/>\npublished in Ambalacatta 1677<\/span><\/figcaption><\/figure>\n<p>Im Zentrum steht der \u00d1ana Upadesam, das Lebenswerk des italienischen Jesuiten Roberto Nobili (1577-1656), einer der wichtigsten Vertreter der Akkommodationsstrategie in S\u00fcdindien. Das f\u00fcnfb\u00e4ndige Werk sollte die katholische Lehre einem s\u00fcdindischen Publikum vermitteln. Verfasst in einer Mischung aus Tamil und Sanskrit ist es schwer zug\u00e4nglich und bisher noch nicht \u00fcbersetzt und analysiert worden. Mit der Analyse dieses zentralen Textes verfolgt unser Projekt zwei Ziele:<\/p>\n<p>&nbsp;<\/p>\n<p>1. wollen wir ein theoretisch-methodisches Konzept von kultureller \u00dcbersetzung auf der Basis von Theorien aus den Translation Studies (Andr\u00e9 Lefevere, Lawrence Venuti) entwickeln.<\/p>\n<p>2. Soll dieses theoretisch-methodische Framing als Instrument dienen, um die Jesuiten-Mission in S\u00fcdindien und dar\u00fcber hinaus, also global vergleichend, zu untersuchen. Damit wollen wir auch einen Beitrag zur Erforschung von Transkulturationsprozessen leisten und die Meistererz\u00e4hlung eines einheitlichen, m\u00f6glichst westlichen Christentums in Frage stellen.<\/p>\n<p>&nbsp;<\/p>\n<p>Das Projekt \u201eKulturelle \u00dcbersetzung als multidirektionaler Prozess\u201c im SPP 2130 ist an der Universit\u00e4t Bielefeld angesiedelt, es wird von <a href=\"https:\/\/www.spp2130.de\/index.php\/projektleiterinnen\/#fluechter\">Prof. Dr. Antje Fl\u00fcchter<\/a> geleitet und von <a href=\"https:\/\/www.spp2130.de\/index.php\/mitarbeiterinnen\/#nardini\">Giulia Nardini<\/a> bearbeitet.<\/p>\n<p>&nbsp;<\/p>\n<h5><strong>Publikationen (projektbezogen):<\/strong><\/h5>\n<ul>\n<li><a href=\"https:\/\/www.spp2130.de\/index.php\/publikationen\/#fluechter\">Prof. Dr. Antje Fl\u00fcchter<\/a><\/li>\n<li><a href=\"https:\/\/www.spp2130.de\/index.php\/publikationen\/#nardini\">Giulia Nardini<\/a><\/li>\n<\/ul>\n<div class=\"col-sm-8\">\n<div class=\"post-info-v2\">&nbsp;<\/div>\n<\/div>\n","protected":false},"excerpt":{"rendered":"<p>Kulturelle \u00dcbersetzung als multidirektionaler Prozess &nbsp; Roberto Nobili als missionarischer \u00dcbersetzer zwischen Kulturen, Religionen und Institutionen &nbsp; Roberto Nobili: \u00d1ana Upad\u0113sam, published in Ambalacatta 1677 Im Zentrum steht der \u00d1ana Upadesam, das Lebenswerk des italienischen Jesuiten Roberto Nobili (1577-1656), einer der wichtigsten Vertreter der Akkommodationsstrategie in S\u00fcdindien. Das f\u00fcnfb\u00e4ndige Werk sollte die katholische Lehre einem s\u00fcdindischen Publikum vermitteln. Verfasst in einer Mischung aus Tamil und Sanskrit ist es schwer zug\u00e4nglich und bisher noch nicht \u00fcbersetzt und analysiert worden. Mit der Analyse dieses zentralen Textes verfolgt unser Projekt zwei Ziele: &nbsp; 1. wollen wir ein theoretisch-methodisches Konzept von kultureller \u00dcbersetzung auf &hellip;<\/p>\n","protected":false},"author":7,"featured_media":0,"parent":0,"menu_order":0,"comment_status":"closed","ping_status":"closed","template":"","meta":{"footnotes":""},"yoast_head":"<!-- This site is optimized with the Yoast SEO plugin v22.5 - https:\/\/yoast.com\/wordpress\/plugins\/seo\/ -->\n<title>Robert Nobili - \u00dcbersetzungskulturen der Fr\u00fchen Neuzeit<\/title>\n<meta name=\"robots\" content=\"index, follow, max-snippet:-1, max-image-preview:large, max-video-preview:-1\" \/>\n<link rel=\"canonical\" href=\"https:\/\/www.spp2130.de\/index.php\/robert-nobili\/\" \/>\n<meta property=\"og:locale\" content=\"de_DE\" \/>\n<meta property=\"og:type\" content=\"article\" \/>\n<meta property=\"og:title\" content=\"Robert Nobili - \u00dcbersetzungskulturen der Fr\u00fchen Neuzeit\" \/>\n<meta property=\"og:description\" content=\"Kulturelle \u00dcbersetzung als multidirektionaler Prozess &nbsp; Roberto Nobili als missionarischer \u00dcbersetzer zwischen Kulturen, Religionen und Institutionen &nbsp; Roberto Nobili: \u00d1ana Upad\u0113sam, published in Ambalacatta 1677 Im Zentrum steht der \u00d1ana Upadesam, das Lebenswerk des italienischen Jesuiten Roberto Nobili (1577-1656), einer der wichtigsten Vertreter der Akkommodationsstrategie in S\u00fcdindien. Das f\u00fcnfb\u00e4ndige Werk sollte die katholische Lehre einem s\u00fcdindischen Publikum vermitteln. Verfasst in einer Mischung aus Tamil und Sanskrit ist es schwer zug\u00e4nglich und bisher noch nicht \u00fcbersetzt und analysiert worden. Mit der Analyse dieses zentralen Textes verfolgt unser Projekt zwei Ziele: &nbsp; 1. wollen wir ein theoretisch-methodisches Konzept von kultureller \u00dcbersetzung auf &hellip;\" \/>\n<meta property=\"og:url\" content=\"https:\/\/www.spp2130.de\/index.php\/robert-nobili\/\" \/>\n<meta property=\"og:site_name\" content=\"\u00dcbersetzungskulturen der Fr\u00fchen Neuzeit\" \/>\n<meta property=\"article:modified_time\" content=\"2022-04-07T13:29:42+00:00\" \/>\n<meta property=\"og:image\" content=\"https:\/\/www.spp2130.de\/wp-content\/uploads\/2019\/05\/Roberto-Nobili-210x300.jpg\" \/>\n<meta name=\"twitter:card\" content=\"summary_large_image\" \/>\n<meta name=\"twitter:label1\" content=\"Gesch\u00e4tzte Lesezeit\" \/>\n\t<meta name=\"twitter:data1\" content=\"1 Minute\" \/>\n<script type=\"application\/ld+json\" class=\"yoast-schema-graph\">{\"@context\":\"https:\/\/schema.org\",\"@graph\":[{\"@type\":\"WebPage\",\"@id\":\"https:\/\/www.spp2130.de\/index.php\/robert-nobili\/\",\"url\":\"https:\/\/www.spp2130.de\/index.php\/robert-nobili\/\",\"name\":\"Robert Nobili - \u00dcbersetzungskulturen der Fr\u00fchen Neuzeit\",\"isPartOf\":{\"@id\":\"https:\/\/www.spp2130.de\/#website\"},\"primaryImageOfPage\":{\"@id\":\"https:\/\/www.spp2130.de\/index.php\/robert-nobili\/#primaryimage\"},\"image\":{\"@id\":\"https:\/\/www.spp2130.de\/index.php\/robert-nobili\/#primaryimage\"},\"thumbnailUrl\":\"https:\/\/www.spp2130.de\/wp-content\/uploads\/2019\/05\/Roberto-Nobili-210x300.jpg\",\"datePublished\":\"2019-03-04T11:34:18+00:00\",\"dateModified\":\"2022-04-07T13:29:42+00:00\",\"breadcrumb\":{\"@id\":\"https:\/\/www.spp2130.de\/index.php\/robert-nobili\/#breadcrumb\"},\"inLanguage\":\"de-DE\",\"potentialAction\":[{\"@type\":\"ReadAction\",\"target\":[\"https:\/\/www.spp2130.de\/index.php\/robert-nobili\/\"]}]},{\"@type\":\"ImageObject\",\"inLanguage\":\"de-DE\",\"@id\":\"https:\/\/www.spp2130.de\/index.php\/robert-nobili\/#primaryimage\",\"url\":\"https:\/\/www.spp2130.de\/wp-content\/uploads\/2019\/05\/Roberto-Nobili.jpg\",\"contentUrl\":\"https:\/\/www.spp2130.de\/wp-content\/uploads\/2019\/05\/Roberto-Nobili.jpg\",\"width\":2057,\"height\":2942},{\"@type\":\"BreadcrumbList\",\"@id\":\"https:\/\/www.spp2130.de\/index.php\/robert-nobili\/#breadcrumb\",\"itemListElement\":[{\"@type\":\"ListItem\",\"position\":1,\"name\":\"Startseite\",\"item\":\"https:\/\/www.spp2130.de\/\"},{\"@type\":\"ListItem\",\"position\":2,\"name\":\"Robert Nobili\"}]},{\"@type\":\"WebSite\",\"@id\":\"https:\/\/www.spp2130.de\/#website\",\"url\":\"https:\/\/www.spp2130.de\/\",\"name\":\"\u00dcbersetzungskulturen der Fr\u00fchen Neuzeit\",\"description\":\"DFG - SPP 2130\",\"potentialAction\":[{\"@type\":\"SearchAction\",\"target\":{\"@type\":\"EntryPoint\",\"urlTemplate\":\"https:\/\/www.spp2130.de\/?s={search_term_string}\"},\"query-input\":\"required name=search_term_string\"}],\"inLanguage\":\"de-DE\"}]}<\/script>\n<!-- \/ Yoast SEO plugin. -->","yoast_head_json":{"title":"Robert Nobili - \u00dcbersetzungskulturen der Fr\u00fchen Neuzeit","robots":{"index":"index","follow":"follow","max-snippet":"max-snippet:-1","max-image-preview":"max-image-preview:large","max-video-preview":"max-video-preview:-1"},"canonical":"https:\/\/www.spp2130.de\/index.php\/robert-nobili\/","og_locale":"de_DE","og_type":"article","og_title":"Robert Nobili - \u00dcbersetzungskulturen der Fr\u00fchen Neuzeit","og_description":"Kulturelle \u00dcbersetzung als multidirektionaler Prozess &nbsp; Roberto Nobili als missionarischer \u00dcbersetzer zwischen Kulturen, Religionen und Institutionen &nbsp; Roberto Nobili: \u00d1ana Upad\u0113sam, published in Ambalacatta 1677 Im Zentrum steht der \u00d1ana Upadesam, das Lebenswerk des italienischen Jesuiten Roberto Nobili (1577-1656), einer der wichtigsten Vertreter der Akkommodationsstrategie in S\u00fcdindien. Das f\u00fcnfb\u00e4ndige Werk sollte die katholische Lehre einem s\u00fcdindischen Publikum vermitteln. Verfasst in einer Mischung aus Tamil und Sanskrit ist es schwer zug\u00e4nglich und bisher noch nicht \u00fcbersetzt und analysiert worden. Mit der Analyse dieses zentralen Textes verfolgt unser Projekt zwei Ziele: &nbsp; 1. wollen wir ein theoretisch-methodisches Konzept von kultureller \u00dcbersetzung auf &hellip;","og_url":"https:\/\/www.spp2130.de\/index.php\/robert-nobili\/","og_site_name":"\u00dcbersetzungskulturen der Fr\u00fchen Neuzeit","article_modified_time":"2022-04-07T13:29:42+00:00","og_image":[{"url":"https:\/\/www.spp2130.de\/wp-content\/uploads\/2019\/05\/Roberto-Nobili-210x300.jpg"}],"twitter_card":"summary_large_image","twitter_misc":{"Gesch\u00e4tzte Lesezeit":"1 Minute"},"schema":{"@context":"https:\/\/schema.org","@graph":[{"@type":"WebPage","@id":"https:\/\/www.spp2130.de\/index.php\/robert-nobili\/","url":"https:\/\/www.spp2130.de\/index.php\/robert-nobili\/","name":"Robert Nobili - \u00dcbersetzungskulturen der Fr\u00fchen Neuzeit","isPartOf":{"@id":"https:\/\/www.spp2130.de\/#website"},"primaryImageOfPage":{"@id":"https:\/\/www.spp2130.de\/index.php\/robert-nobili\/#primaryimage"},"image":{"@id":"https:\/\/www.spp2130.de\/index.php\/robert-nobili\/#primaryimage"},"thumbnailUrl":"https:\/\/www.spp2130.de\/wp-content\/uploads\/2019\/05\/Roberto-Nobili-210x300.jpg","datePublished":"2019-03-04T11:34:18+00:00","dateModified":"2022-04-07T13:29:42+00:00","breadcrumb":{"@id":"https:\/\/www.spp2130.de\/index.php\/robert-nobili\/#breadcrumb"},"inLanguage":"de-DE","potentialAction":[{"@type":"ReadAction","target":["https:\/\/www.spp2130.de\/index.php\/robert-nobili\/"]}]},{"@type":"ImageObject","inLanguage":"de-DE","@id":"https:\/\/www.spp2130.de\/index.php\/robert-nobili\/#primaryimage","url":"https:\/\/www.spp2130.de\/wp-content\/uploads\/2019\/05\/Roberto-Nobili.jpg","contentUrl":"https:\/\/www.spp2130.de\/wp-content\/uploads\/2019\/05\/Roberto-Nobili.jpg","width":2057,"height":2942},{"@type":"BreadcrumbList","@id":"https:\/\/www.spp2130.de\/index.php\/robert-nobili\/#breadcrumb","itemListElement":[{"@type":"ListItem","position":1,"name":"Startseite","item":"https:\/\/www.spp2130.de\/"},{"@type":"ListItem","position":2,"name":"Robert Nobili"}]},{"@type":"WebSite","@id":"https:\/\/www.spp2130.de\/#website","url":"https:\/\/www.spp2130.de\/","name":"\u00dcbersetzungskulturen der Fr\u00fchen Neuzeit","description":"DFG - SPP 2130","potentialAction":[{"@type":"SearchAction","target":{"@type":"EntryPoint","urlTemplate":"https:\/\/www.spp2130.de\/?s={search_term_string}"},"query-input":"required name=search_term_string"}],"inLanguage":"de-DE"}]}},"post_mailing_queue_ids":[],"_links":{"self":[{"href":"https:\/\/www.spp2130.de\/index.php\/wp-json\/wp\/v2\/pages\/668"}],"collection":[{"href":"https:\/\/www.spp2130.de\/index.php\/wp-json\/wp\/v2\/pages"}],"about":[{"href":"https:\/\/www.spp2130.de\/index.php\/wp-json\/wp\/v2\/types\/page"}],"author":[{"embeddable":true,"href":"https:\/\/www.spp2130.de\/index.php\/wp-json\/wp\/v2\/users\/7"}],"replies":[{"embeddable":true,"href":"https:\/\/www.spp2130.de\/index.php\/wp-json\/wp\/v2\/comments?post=668"}],"version-history":[{"count":16,"href":"https:\/\/www.spp2130.de\/index.php\/wp-json\/wp\/v2\/pages\/668\/revisions"}],"predecessor-version":[{"id":5574,"href":"https:\/\/www.spp2130.de\/index.php\/wp-json\/wp\/v2\/pages\/668\/revisions\/5574"}],"wp:attachment":[{"href":"https:\/\/www.spp2130.de\/index.php\/wp-json\/wp\/v2\/media?parent=668"}],"curies":[{"name":"wp","href":"https:\/\/api.w.org\/{rel}","templated":true}]}}