{"id":5192,"date":"2022-03-28T14:16:34","date_gmt":"2022-03-28T12:16:34","guid":{"rendered":"https:\/\/www.spp2130.de\/?page_id=5192"},"modified":"2025-07-18T19:19:18","modified_gmt":"2025-07-18T17:19:18","slug":"camondo-familieii","status":"publish","type":"page","link":"https:\/\/www.spp2130.de\/index.php\/camondo-familieii\/","title":{"rendered":"Camondo-Familie II"},"content":{"rendered":"<h4>Flows und Spannungen<\/h4>\n<p>&nbsp;<\/p>\n<h5>Die Camondo Familie als kulturelle \u00dcbersetzer zwischen dem Osmanischen Reich und Europa im 18. Jahrhundert<\/h5>\n<p>&nbsp;<\/p>\n<figure style=\"float: left; padding-right: 10px;\">&lt;<img loading=\"lazy\" decoding=\"async\" class=\"wp-image-5211 size-medium\" src=\"https:\/\/www.spp2130.de\/wp-content\/uploads\/2022\/03\/3.2-Camondo-Familie-185x300.jpg\" alt=\"\" width=\"210\" height=\"300\" \/><figcaption style=\"font-size: 8pt;\">Abraham-Salomon de Camondo, ca. 1868 fotografiert<br \/>\nvon Abdullah Fr\u00e8res, Pera, Constantinople<\/figcaption><\/figure>\n<p>Das Projekt beleuchtet drei Generationen der prominenten Camondo Familie, einer j\u00fcdischen Kaufmanns- und Bankiersfamilie aus Istanbul, als kulturelle \u00dcbersetzer zwischen dem Osmanischen Reich und Europa. Nach der Untersuchung der kommerziellen, diplomatischen und kommunalen Netzwerke beleuchtet die Studie die Umst\u00e4nde des Exils der Familie aus dem Osmanischen Reich im Jahr 1782 und ihre Bem\u00fchungen, ihre Handelsaktivit\u00e4ten in der habsburgischen Hafenstadt Triest wiederaufzunehmen. Ausgehend von ihrer \u00dcbersetzungst\u00e4tigkeit zwischen verschiedenen Verwaltungssystemen und Handelsbestimmungen zeichnet das Projekt die Netzwerke der Camondos im Osmanischen Reich, in Frankreich, in den Niederlanden, in Habsburg und in den deutschsprachigen Territorien nach. Bei der Untersuchung dieser kulturellen und kategorie\u00fcbergreifenden \u00dcbersetzungen zeigt sich, wie die Familie ihre transimperialen und kommunalen Identit\u00e4ten einsetzte, um ihre Handelsgesch\u00e4fte und ihre soziale Stellung zu sichern. Die Studie verfolgt den Weg der Camondos weiter, als sie um 1800 nach Istanbul zur\u00fcckkehrten, was eine R\u00fcck\u00fcbersetzung des w\u00e4hrend ihrer Zeit im Habsburger Reich erworbenen Wissens und der Erfahrungen mit sich brachte. Die Art und Weise, in welcher die Camondos ihren politischen, sozial und \u00f6konomischen Einfluss in der Zeit globaler Umw\u00e4lzungen beibehielt und sogar vergr\u00f6\u00dferte, zeigt die mikrohistorischen Implikationen der Modernisierungs- und Transformationsprozesse im sp\u00e4ten 18. und fr\u00fchen 19. Jahrhundert. Schlie\u00dflich erm\u00f6glichen diese verschiedenen \u00dcbersetzungsbem\u00fchungen dem Projekt die kollaborative Produktion von Wissen, die sich ver\u00e4ndernde Vorstellungen von Zugeh\u00f6rigkeit und die \u00dcbersetzbarkeit universeller Konzepte aufzudecken.<\/p>\n<p>Das Projekt von Frau <a href=\"https:\/\/www.spp2130.de\/index.php\/projektleiterinnen2\/#fliter\">Dr. Irena Fliter<\/a> war in der ersten F\u00f6rderphase am Seminar f\u00fcr Mittlere und Neuere Geschichte der Universit\u00e4t G\u00f6ttingen angesiedelt und in der zweiten F\u00f6rderphase an der Herzog August Bibliothek Wolfenb\u00fcttel.<\/p>\n<ul>\n<li><a href=\"https:\/\/www.hab.de\/flows-und-spannungen\/\" target=\"_blank\" rel=\"noopener noreferrer\">Projektwebseite<\/a> an der Herzog August Bibliothek Wolfenb\u00fcttel<\/li>\n<li><a href=\"https:\/\/www.spp2130.de\/index.php\/camondo-familie\/\">Projektbeschreibung Phase I<\/a><\/li>\n<\/ul>\n<p>&nbsp;<\/p>\n<h5><strong>Publikationen (projektbezogen):<\/strong><\/h5>\n<ul>\n<li><a href=\"https:\/\/www.spp2130.de\/index.php\/publikationen\/#fliter\">Dr. Irena Fliter<\/a><\/li>\n<\/ul>\n","protected":false},"excerpt":{"rendered":"<p>Flows und Spannungen &nbsp; Die Camondo Familie als kulturelle \u00dcbersetzer zwischen dem Osmanischen Reich und Europa im 18. Jahrhundert &nbsp; &lt;Abraham-Salomon de Camondo, ca. 1868 fotografiert von Abdullah Fr\u00e8res, Pera, Constantinople Das Projekt beleuchtet drei Generationen der prominenten Camondo Familie, einer j\u00fcdischen Kaufmanns- und Bankiersfamilie aus Istanbul, als kulturelle \u00dcbersetzer zwischen dem Osmanischen Reich und Europa. Nach der Untersuchung der kommerziellen, diplomatischen und kommunalen Netzwerke beleuchtet die Studie die Umst\u00e4nde des Exils der Familie aus dem Osmanischen Reich im Jahr 1782 und ihre Bem\u00fchungen, ihre Handelsaktivit\u00e4ten in der habsburgischen Hafenstadt Triest wiederaufzunehmen. Ausgehend von ihrer \u00dcbersetzungst\u00e4tigkeit zwischen verschiedenen Verwaltungssystemen und &hellip;<\/p>\n","protected":false},"author":12,"featured_media":0,"parent":0,"menu_order":0,"comment_status":"closed","ping_status":"closed","template":"","meta":{"footnotes":""},"yoast_head":"<!-- This site is optimized with the Yoast SEO plugin v22.5 - https:\/\/yoast.com\/wordpress\/plugins\/seo\/ -->\n<title>Camondo-Familie II - \u00dcbersetzungskulturen der Fr\u00fchen Neuzeit<\/title>\n<meta name=\"robots\" content=\"index, follow, max-snippet:-1, max-image-preview:large, max-video-preview:-1\" \/>\n<link rel=\"canonical\" href=\"https:\/\/www.spp2130.de\/index.php\/camondo-familieii\/\" \/>\n<meta property=\"og:locale\" content=\"de_DE\" \/>\n<meta property=\"og:type\" content=\"article\" \/>\n<meta property=\"og:title\" content=\"Camondo-Familie II - \u00dcbersetzungskulturen der Fr\u00fchen Neuzeit\" \/>\n<meta property=\"og:description\" content=\"Flows und Spannungen &nbsp; Die Camondo Familie als kulturelle \u00dcbersetzer zwischen dem Osmanischen Reich und Europa im 18. Jahrhundert &nbsp; &lt;Abraham-Salomon de Camondo, ca. 1868 fotografiert von Abdullah Fr\u00e8res, Pera, Constantinople Das Projekt beleuchtet drei Generationen der prominenten Camondo Familie, einer j\u00fcdischen Kaufmanns- und Bankiersfamilie aus Istanbul, als kulturelle \u00dcbersetzer zwischen dem Osmanischen Reich und Europa. Nach der Untersuchung der kommerziellen, diplomatischen und kommunalen Netzwerke beleuchtet die Studie die Umst\u00e4nde des Exils der Familie aus dem Osmanischen Reich im Jahr 1782 und ihre Bem\u00fchungen, ihre Handelsaktivit\u00e4ten in der habsburgischen Hafenstadt Triest wiederaufzunehmen. Ausgehend von ihrer \u00dcbersetzungst\u00e4tigkeit zwischen verschiedenen Verwaltungssystemen und &hellip;\" \/>\n<meta property=\"og:url\" content=\"https:\/\/www.spp2130.de\/index.php\/camondo-familieii\/\" \/>\n<meta property=\"og:site_name\" content=\"\u00dcbersetzungskulturen der Fr\u00fchen Neuzeit\" \/>\n<meta property=\"article:modified_time\" content=\"2025-07-18T17:19:18+00:00\" \/>\n<meta property=\"og:image\" content=\"https:\/\/www.spp2130.de\/wp-content\/uploads\/2022\/03\/3.2-Camondo-Familie-185x300.jpg\" \/>\n<meta name=\"twitter:card\" content=\"summary_large_image\" \/>\n<meta name=\"twitter:label1\" content=\"Gesch\u00e4tzte Lesezeit\" \/>\n\t<meta name=\"twitter:data1\" content=\"2 Minuten\" \/>\n<script type=\"application\/ld+json\" class=\"yoast-schema-graph\">{\"@context\":\"https:\/\/schema.org\",\"@graph\":[{\"@type\":\"WebPage\",\"@id\":\"https:\/\/www.spp2130.de\/index.php\/camondo-familieii\/\",\"url\":\"https:\/\/www.spp2130.de\/index.php\/camondo-familieii\/\",\"name\":\"Camondo-Familie II - \u00dcbersetzungskulturen der Fr\u00fchen Neuzeit\",\"isPartOf\":{\"@id\":\"https:\/\/www.spp2130.de\/#website\"},\"primaryImageOfPage\":{\"@id\":\"https:\/\/www.spp2130.de\/index.php\/camondo-familieii\/#primaryimage\"},\"image\":{\"@id\":\"https:\/\/www.spp2130.de\/index.php\/camondo-familieii\/#primaryimage\"},\"thumbnailUrl\":\"https:\/\/www.spp2130.de\/wp-content\/uploads\/2022\/03\/3.2-Camondo-Familie-185x300.jpg\",\"datePublished\":\"2022-03-28T12:16:34+00:00\",\"dateModified\":\"2025-07-18T17:19:18+00:00\",\"breadcrumb\":{\"@id\":\"https:\/\/www.spp2130.de\/index.php\/camondo-familieii\/#breadcrumb\"},\"inLanguage\":\"de-DE\",\"potentialAction\":[{\"@type\":\"ReadAction\",\"target\":[\"https:\/\/www.spp2130.de\/index.php\/camondo-familieii\/\"]}]},{\"@type\":\"ImageObject\",\"inLanguage\":\"de-DE\",\"@id\":\"https:\/\/www.spp2130.de\/index.php\/camondo-familieii\/#primaryimage\",\"url\":\"https:\/\/www.spp2130.de\/wp-content\/uploads\/2022\/03\/3.2-Camondo-Familie-185x300.jpg\",\"contentUrl\":\"https:\/\/www.spp2130.de\/wp-content\/uploads\/2022\/03\/3.2-Camondo-Familie-185x300.jpg\"},{\"@type\":\"BreadcrumbList\",\"@id\":\"https:\/\/www.spp2130.de\/index.php\/camondo-familieii\/#breadcrumb\",\"itemListElement\":[{\"@type\":\"ListItem\",\"position\":1,\"name\":\"Startseite\",\"item\":\"https:\/\/www.spp2130.de\/\"},{\"@type\":\"ListItem\",\"position\":2,\"name\":\"Camondo-Familie II\"}]},{\"@type\":\"WebSite\",\"@id\":\"https:\/\/www.spp2130.de\/#website\",\"url\":\"https:\/\/www.spp2130.de\/\",\"name\":\"\u00dcbersetzungskulturen der Fr\u00fchen Neuzeit\",\"description\":\"DFG - SPP 2130\",\"potentialAction\":[{\"@type\":\"SearchAction\",\"target\":{\"@type\":\"EntryPoint\",\"urlTemplate\":\"https:\/\/www.spp2130.de\/?s={search_term_string}\"},\"query-input\":\"required name=search_term_string\"}],\"inLanguage\":\"de-DE\"}]}<\/script>\n<!-- \/ Yoast SEO plugin. -->","yoast_head_json":{"title":"Camondo-Familie II - \u00dcbersetzungskulturen der Fr\u00fchen Neuzeit","robots":{"index":"index","follow":"follow","max-snippet":"max-snippet:-1","max-image-preview":"max-image-preview:large","max-video-preview":"max-video-preview:-1"},"canonical":"https:\/\/www.spp2130.de\/index.php\/camondo-familieii\/","og_locale":"de_DE","og_type":"article","og_title":"Camondo-Familie II - \u00dcbersetzungskulturen der Fr\u00fchen Neuzeit","og_description":"Flows und Spannungen &nbsp; Die Camondo Familie als kulturelle \u00dcbersetzer zwischen dem Osmanischen Reich und Europa im 18. Jahrhundert &nbsp; &lt;Abraham-Salomon de Camondo, ca. 1868 fotografiert von Abdullah Fr\u00e8res, Pera, Constantinople Das Projekt beleuchtet drei Generationen der prominenten Camondo Familie, einer j\u00fcdischen Kaufmanns- und Bankiersfamilie aus Istanbul, als kulturelle \u00dcbersetzer zwischen dem Osmanischen Reich und Europa. Nach der Untersuchung der kommerziellen, diplomatischen und kommunalen Netzwerke beleuchtet die Studie die Umst\u00e4nde des Exils der Familie aus dem Osmanischen Reich im Jahr 1782 und ihre Bem\u00fchungen, ihre Handelsaktivit\u00e4ten in der habsburgischen Hafenstadt Triest wiederaufzunehmen. Ausgehend von ihrer \u00dcbersetzungst\u00e4tigkeit zwischen verschiedenen Verwaltungssystemen und &hellip;","og_url":"https:\/\/www.spp2130.de\/index.php\/camondo-familieii\/","og_site_name":"\u00dcbersetzungskulturen der Fr\u00fchen Neuzeit","article_modified_time":"2025-07-18T17:19:18+00:00","og_image":[{"url":"https:\/\/www.spp2130.de\/wp-content\/uploads\/2022\/03\/3.2-Camondo-Familie-185x300.jpg"}],"twitter_card":"summary_large_image","twitter_misc":{"Gesch\u00e4tzte Lesezeit":"2 Minuten"},"schema":{"@context":"https:\/\/schema.org","@graph":[{"@type":"WebPage","@id":"https:\/\/www.spp2130.de\/index.php\/camondo-familieii\/","url":"https:\/\/www.spp2130.de\/index.php\/camondo-familieii\/","name":"Camondo-Familie II - \u00dcbersetzungskulturen der Fr\u00fchen Neuzeit","isPartOf":{"@id":"https:\/\/www.spp2130.de\/#website"},"primaryImageOfPage":{"@id":"https:\/\/www.spp2130.de\/index.php\/camondo-familieii\/#primaryimage"},"image":{"@id":"https:\/\/www.spp2130.de\/index.php\/camondo-familieii\/#primaryimage"},"thumbnailUrl":"https:\/\/www.spp2130.de\/wp-content\/uploads\/2022\/03\/3.2-Camondo-Familie-185x300.jpg","datePublished":"2022-03-28T12:16:34+00:00","dateModified":"2025-07-18T17:19:18+00:00","breadcrumb":{"@id":"https:\/\/www.spp2130.de\/index.php\/camondo-familieii\/#breadcrumb"},"inLanguage":"de-DE","potentialAction":[{"@type":"ReadAction","target":["https:\/\/www.spp2130.de\/index.php\/camondo-familieii\/"]}]},{"@type":"ImageObject","inLanguage":"de-DE","@id":"https:\/\/www.spp2130.de\/index.php\/camondo-familieii\/#primaryimage","url":"https:\/\/www.spp2130.de\/wp-content\/uploads\/2022\/03\/3.2-Camondo-Familie-185x300.jpg","contentUrl":"https:\/\/www.spp2130.de\/wp-content\/uploads\/2022\/03\/3.2-Camondo-Familie-185x300.jpg"},{"@type":"BreadcrumbList","@id":"https:\/\/www.spp2130.de\/index.php\/camondo-familieii\/#breadcrumb","itemListElement":[{"@type":"ListItem","position":1,"name":"Startseite","item":"https:\/\/www.spp2130.de\/"},{"@type":"ListItem","position":2,"name":"Camondo-Familie II"}]},{"@type":"WebSite","@id":"https:\/\/www.spp2130.de\/#website","url":"https:\/\/www.spp2130.de\/","name":"\u00dcbersetzungskulturen der Fr\u00fchen Neuzeit","description":"DFG - SPP 2130","potentialAction":[{"@type":"SearchAction","target":{"@type":"EntryPoint","urlTemplate":"https:\/\/www.spp2130.de\/?s={search_term_string}"},"query-input":"required name=search_term_string"}],"inLanguage":"de-DE"}]}},"post_mailing_queue_ids":[],"_links":{"self":[{"href":"https:\/\/www.spp2130.de\/index.php\/wp-json\/wp\/v2\/pages\/5192"}],"collection":[{"href":"https:\/\/www.spp2130.de\/index.php\/wp-json\/wp\/v2\/pages"}],"about":[{"href":"https:\/\/www.spp2130.de\/index.php\/wp-json\/wp\/v2\/types\/page"}],"author":[{"embeddable":true,"href":"https:\/\/www.spp2130.de\/index.php\/wp-json\/wp\/v2\/users\/12"}],"replies":[{"embeddable":true,"href":"https:\/\/www.spp2130.de\/index.php\/wp-json\/wp\/v2\/comments?post=5192"}],"version-history":[{"count":14,"href":"https:\/\/www.spp2130.de\/index.php\/wp-json\/wp\/v2\/pages\/5192\/revisions"}],"predecessor-version":[{"id":7455,"href":"https:\/\/www.spp2130.de\/index.php\/wp-json\/wp\/v2\/pages\/5192\/revisions\/7455"}],"wp:attachment":[{"href":"https:\/\/www.spp2130.de\/index.php\/wp-json\/wp\/v2\/media?parent=5192"}],"curies":[{"name":"wp","href":"https:\/\/api.w.org\/{rel}","templated":true}]}}