{"id":25,"date":"2018-12-22T16:17:42","date_gmt":"2018-12-22T16:17:42","guid":{"rendered":"https:\/\/www.spp2130.de\/?page_id=25"},"modified":"2022-04-01T15:04:51","modified_gmt":"2022-04-01T13:04:51","slug":"struktur","status":"publish","type":"page","link":"https:\/\/www.spp2130.de\/index.php\/struktur\/","title":{"rendered":"Struktur"},"content":{"rendered":"<h4>Struktur<\/h4>\n<p>&nbsp;<\/p>\n<p>Das SPP 2130 bietet die Rahmenbedingungen, die f\u00fchrenden <a href=\"https:\/\/www.spp2130.de\/index.php\/projektleiterinnen\/\">Expert:innen<\/a> auf dem Gebiet der Fr\u00fchneuzeit- und \u00dcbersetzungsforschung unabh\u00e4ngig von einem Wissenschaftsstandort bundesweit in einem interdisziplin\u00e4ren Forschungsverbund zusammenzubringen.<\/p>\n<p>&nbsp;<\/p>\n<p>Die&nbsp;<a href=\"https:\/\/www.spp2130.de\/index.php\/geschaeftsstelle\/\">Gesch\u00e4ftsstelle<\/a> des SPP 2130 war 2018-2021 an der TU Braunschweig und ist aktuell an der JMU W\u00fcrzburg angesiedelt. Sie wird von der Sprecherin Prof. Dr. Regina Toepfer geleitet und von Annkathrin Koppers, M.A. koordiniert. Hier werden die Veranstaltungen des Verbunds vorbereitet, die Mittel f\u00fcr F\u00f6rderma\u00dfnahmen verwaltet und der <a href=\"https:\/\/www.spp2130.de\/index.php\/newsletter\/\" rel=\"noopener noreferrer\">SPP 2130-Newsletter<\/a> herausgegeben sowie die <a href=\"https:\/\/www.spp2130.de\/index.php\/publikationen\/\">Publikationen<\/a> der open access Reihe des Verlags J. B. Metzler\/Springer <em>\u00dcbersetzungskulturen der Fr\u00fchen Neuzeit\/Early Modern Translation Cultures<\/em> betreut.<\/p>\n<p>&nbsp;<\/p>\n<p><img loading=\"lazy\" decoding=\"async\" class=\"alignleft wp-image-5505\" src=\"https:\/\/www.spp2130.de\/wp-content\/uploads\/2022\/04\/Struktur-Deutsch-ohne-Rand.jpg\" alt=\"\" width=\"800\" height=\"611\" srcset=\"https:\/\/www.spp2130.de\/wp-content\/uploads\/2022\/04\/Struktur-Deutsch-ohne-Rand.jpg 925w, https:\/\/www.spp2130.de\/wp-content\/uploads\/2022\/04\/Struktur-Deutsch-ohne-Rand-300x229.jpg 300w, https:\/\/www.spp2130.de\/wp-content\/uploads\/2022\/04\/Struktur-Deutsch-ohne-Rand-768x587.jpg 768w, https:\/\/www.spp2130.de\/wp-content\/uploads\/2022\/04\/Struktur-Deutsch-ohne-Rand-600x459.jpg 600w\" sizes=\"(max-width: 800px) 100vw, 800px\" \/><\/p>\n<p>&nbsp;<\/p>\n<p>&nbsp;<\/p>\n<p>Als zweiter institutioneller Tr\u00e4ger beteiligt sich die <a href=\"http:\/\/www.hab.de\/\" target=\"_blank\" rel=\"noopener noreferrer\">Herzog August Bibliothek<\/a> (HAB) in Wolfenb\u00fcttel, eines der bedeutendsten Fr\u00fchneuzeit-Forschungszentren. Sie steht nicht nur mit ihren reichhaltigen Best\u00e4nden, sondern auch als Veranstaltungsort f\u00fcr Jahrestagungen und Workshops sowie als Gastgeberin f\u00fcr Mercator-Fellows zur Verf\u00fcgung.<\/p>\n<p>&nbsp;<\/p>\n<p>F\u00fcr die erste F\u00f6rderphase konnten sich Einzelprojekte aus allen Disziplinen der Fr\u00fchneuzeitforschung, z.B. den Literatur- und Sprachwissenschaften, den Geschichts- und Kulturwissenschaften sowie Philosophie oder Musikwissenschaft, Inter- und Transkulturalit\u00e4tsforschung bis November 2017 bei der DFG bewerben. Ausgew\u00e4hlt wurden 17 <a href=\"https:\/\/www.spp2130.de\/index.php\/uebersicht-projekte\/\">Einzelprojekte&nbsp;<\/a>aus den Disziplinen Keltologie, Geschichte, Alt- und Neugermanistik, Romanistik, Religions- und Kunstgeschichte sowie der Wissenschaftsgeschichte. Sie sind entsprechend ihrer thematischen Schwerpunkte in drei <a href=\"https:\/\/www.spp2130.de\/index.php\/sektionen\/\">Sektionen<\/a> eingeteilt, deren Koordination die Mitglieder des <a href=\"https:\/\/www.spp2130.de\/index.php\/programmausschuss\/\">Programmausschusses<\/a> \u00fcbernehmen (1. \u201eZeichensysteme und mediale Transformationen\u201c \u2013 Prof. Dr. J\u00f6rg Wesche; 2. \u201eAnthropologie und Wissen\u201c \u2013 Prof. Dr. Regina Toepfer; 3. \u201eKulturelle Zugeh\u00f6rigkeiten und Gesellschaft\u201c \u2013 Prof. Dr. Peter Burschel).<br \/>\nF\u00fcr die zweite F\u00f6rderphase endete die Bewerbungsfrist bei der DFG am 31. Oktober 2020. Ausgew\u00e4hlt wurden 13 Einzelprojekte, wovon neun Verl\u00e4ngerungen und vier Neubewilligungen sind. Die Einteilung in die drei <a href=\"https:\/\/www.spp2130.de\/index.php\/foerderphase-2\/\">Sektionen<\/a> wurde beibehalten.<\/p>\n<p>&nbsp;<\/p>\n<p>Liegt das Innovationspotential des Schwerpunktprogramms in der Historisierung aktueller Entwicklungen in den Translationswissenschaften, besteht der wissenschaftliche Mehrwert dieser Sektionenbildung darin, dass \u00fcbergreifende Fragestellungen aus interdisziplin\u00e4rer Perspektive beantwortet und so neue Ans\u00e4tze auf dem Gebiet der Fr\u00fchneuzeit- wie der Translationsforschung etabliert werden. Durch die standortunabh\u00e4ngige Zusammenarbeit aller Mitglieder im Rahmen der <a href=\"https:\/\/www.spp2130.de\/index.php\/veranstaltungen\/\">Jahreskonferenzen<\/a> werden die verschiedenen Analyseebenen des Schwerpunktprogramms in ein dialogisches Verh\u00e4ltnis zueinander gebracht. Es erfolgt dabei auch eine Vernetzung mit der internationalen Forschung sowie eine \u00d6ffnung f\u00fcr gegenw\u00e4rtige Translationsph\u00e4nomene und -probleme.<\/p>\n<p>&nbsp;<\/p>\n<p>Als Instrument der Nachwuchsf\u00f6rderung werden <a href=\"https:\/\/www.spp2130.de\/index.php\/transunits\/\">TransUnits<\/a> gebildet, in denen jeweils drei Projektmitarbeiter:innen aus verschiedenen Sektionen zusammenarbeiten. Regelm\u00e4\u00dfige Video-Konferenzen, die durch pers\u00f6nliche Treffen erg\u00e4nzt werden, sorgen daf\u00fcr, dass die Beteiligten im kontinuierlichen Austausch bleiben und zwischen den Jahrestreffen miteinander kooperieren, z.B. indem sie sich \u00fcber ihre Arbeitsfortschritte informieren und Peer-Feedbacks geben. Jede TransUnit realisiert innerhalb der drei Jahre au\u00dferdem ein gemeinsames, selbst zu erarbeitendes Projekt. F\u00fcr Veranstaltungen und Workshops stehen den TransUnits eigene finanzielle Mittel zur Verf\u00fcgung.<\/p>\n<p>&nbsp;<\/p>\n<p>Als zentrales Gemeinschaftsprojekt aller SPP-Beteiligten wurde in der ersten <a href=\"https:\/\/www.spp2130.de\/index.php\/foerderphasen\/\">F\u00f6rderphase<\/a> in Zusammenarbeit mit der HAB Wolfenb\u00fcttel die virtuelle Ausstellung \u201e<a href=\"https:\/\/uebersetzenistmacht.de\/\" target=\"_blank\" rel=\"noopener noreferrer\">\u00dcbersetzen ist Macht. Geheimnisse &#8211; Geschenke &#8211; Geschichten in der Fr\u00fchen Neuzeit<\/a>\u201c realisiert und im Kontext der 3. Jahreskonferenz er\u00f6ffnet.<\/p>\n","protected":false},"excerpt":{"rendered":"<p>Struktur &nbsp; Das SPP 2130 bietet die Rahmenbedingungen, die f\u00fchrenden Expert:innen auf dem Gebiet der Fr\u00fchneuzeit- und \u00dcbersetzungsforschung unabh\u00e4ngig von einem Wissenschaftsstandort bundesweit in einem interdisziplin\u00e4ren Forschungsverbund zusammenzubringen. &nbsp; Die&nbsp;Gesch\u00e4ftsstelle des SPP 2130 war 2018-2021 an der TU Braunschweig und ist aktuell an der JMU W\u00fcrzburg angesiedelt. Sie wird von der Sprecherin Prof. Dr. Regina Toepfer geleitet und von Annkathrin Koppers, M.A. koordiniert. Hier werden die Veranstaltungen des Verbunds vorbereitet, die Mittel f\u00fcr F\u00f6rderma\u00dfnahmen verwaltet und der SPP 2130-Newsletter herausgegeben sowie die Publikationen der open access Reihe des Verlags J. B. Metzler\/Springer \u00dcbersetzungskulturen der Fr\u00fchen Neuzeit\/Early Modern Translation Cultures betreut. &hellip;<\/p>\n","protected":false},"author":1,"featured_media":0,"parent":0,"menu_order":0,"comment_status":"closed","ping_status":"closed","template":"","meta":{"footnotes":""},"yoast_head":"<!-- This site is optimized with the Yoast SEO plugin v22.5 - https:\/\/yoast.com\/wordpress\/plugins\/seo\/ -->\n<title>Struktur - \u00dcbersetzungskulturen der Fr\u00fchen Neuzeit<\/title>\n<meta name=\"robots\" content=\"index, follow, max-snippet:-1, max-image-preview:large, max-video-preview:-1\" \/>\n<link rel=\"canonical\" href=\"https:\/\/www.spp2130.de\/index.php\/struktur\/\" \/>\n<meta property=\"og:locale\" content=\"de_DE\" \/>\n<meta property=\"og:type\" content=\"article\" \/>\n<meta property=\"og:title\" content=\"Struktur - \u00dcbersetzungskulturen der Fr\u00fchen Neuzeit\" \/>\n<meta property=\"og:description\" content=\"Struktur &nbsp; Das SPP 2130 bietet die Rahmenbedingungen, die f\u00fchrenden Expert:innen auf dem Gebiet der Fr\u00fchneuzeit- und \u00dcbersetzungsforschung unabh\u00e4ngig von einem Wissenschaftsstandort bundesweit in einem interdisziplin\u00e4ren Forschungsverbund zusammenzubringen. &nbsp; Die&nbsp;Gesch\u00e4ftsstelle des SPP 2130 war 2018-2021 an der TU Braunschweig und ist aktuell an der JMU W\u00fcrzburg angesiedelt. Sie wird von der Sprecherin Prof. Dr. Regina Toepfer geleitet und von Annkathrin Koppers, M.A. koordiniert. Hier werden die Veranstaltungen des Verbunds vorbereitet, die Mittel f\u00fcr F\u00f6rderma\u00dfnahmen verwaltet und der SPP 2130-Newsletter herausgegeben sowie die Publikationen der open access Reihe des Verlags J. B. Metzler\/Springer \u00dcbersetzungskulturen der Fr\u00fchen Neuzeit\/Early Modern Translation Cultures betreut. &hellip;\" \/>\n<meta property=\"og:url\" content=\"https:\/\/www.spp2130.de\/index.php\/struktur\/\" \/>\n<meta property=\"og:site_name\" content=\"\u00dcbersetzungskulturen der Fr\u00fchen Neuzeit\" \/>\n<meta property=\"article:modified_time\" content=\"2022-04-01T13:04:51+00:00\" \/>\n<meta property=\"og:image\" content=\"https:\/\/www.spp2130.de\/wp-content\/uploads\/2022\/04\/Struktur-Deutsch-ohne-Rand.jpg\" \/>\n<meta name=\"twitter:card\" content=\"summary_large_image\" \/>\n<meta name=\"twitter:label1\" content=\"Gesch\u00e4tzte Lesezeit\" \/>\n\t<meta name=\"twitter:data1\" content=\"3 Minuten\" \/>\n<script type=\"application\/ld+json\" class=\"yoast-schema-graph\">{\"@context\":\"https:\/\/schema.org\",\"@graph\":[{\"@type\":\"WebPage\",\"@id\":\"https:\/\/www.spp2130.de\/index.php\/struktur\/\",\"url\":\"https:\/\/www.spp2130.de\/index.php\/struktur\/\",\"name\":\"Struktur - \u00dcbersetzungskulturen der Fr\u00fchen Neuzeit\",\"isPartOf\":{\"@id\":\"https:\/\/www.spp2130.de\/#website\"},\"primaryImageOfPage\":{\"@id\":\"https:\/\/www.spp2130.de\/index.php\/struktur\/#primaryimage\"},\"image\":{\"@id\":\"https:\/\/www.spp2130.de\/index.php\/struktur\/#primaryimage\"},\"thumbnailUrl\":\"https:\/\/www.spp2130.de\/wp-content\/uploads\/2022\/04\/Struktur-Deutsch-ohne-Rand.jpg\",\"datePublished\":\"2018-12-22T16:17:42+00:00\",\"dateModified\":\"2022-04-01T13:04:51+00:00\",\"breadcrumb\":{\"@id\":\"https:\/\/www.spp2130.de\/index.php\/struktur\/#breadcrumb\"},\"inLanguage\":\"de-DE\",\"potentialAction\":[{\"@type\":\"ReadAction\",\"target\":[\"https:\/\/www.spp2130.de\/index.php\/struktur\/\"]}]},{\"@type\":\"ImageObject\",\"inLanguage\":\"de-DE\",\"@id\":\"https:\/\/www.spp2130.de\/index.php\/struktur\/#primaryimage\",\"url\":\"https:\/\/www.spp2130.de\/wp-content\/uploads\/2022\/04\/Struktur-Deutsch-ohne-Rand.jpg\",\"contentUrl\":\"https:\/\/www.spp2130.de\/wp-content\/uploads\/2022\/04\/Struktur-Deutsch-ohne-Rand.jpg\",\"width\":925,\"height\":707},{\"@type\":\"BreadcrumbList\",\"@id\":\"https:\/\/www.spp2130.de\/index.php\/struktur\/#breadcrumb\",\"itemListElement\":[{\"@type\":\"ListItem\",\"position\":1,\"name\":\"Startseite\",\"item\":\"https:\/\/www.spp2130.de\/\"},{\"@type\":\"ListItem\",\"position\":2,\"name\":\"Struktur\"}]},{\"@type\":\"WebSite\",\"@id\":\"https:\/\/www.spp2130.de\/#website\",\"url\":\"https:\/\/www.spp2130.de\/\",\"name\":\"\u00dcbersetzungskulturen der Fr\u00fchen Neuzeit\",\"description\":\"DFG - SPP 2130\",\"potentialAction\":[{\"@type\":\"SearchAction\",\"target\":{\"@type\":\"EntryPoint\",\"urlTemplate\":\"https:\/\/www.spp2130.de\/?s={search_term_string}\"},\"query-input\":\"required name=search_term_string\"}],\"inLanguage\":\"de-DE\"}]}<\/script>\n<!-- \/ Yoast SEO plugin. -->","yoast_head_json":{"title":"Struktur - \u00dcbersetzungskulturen der Fr\u00fchen Neuzeit","robots":{"index":"index","follow":"follow","max-snippet":"max-snippet:-1","max-image-preview":"max-image-preview:large","max-video-preview":"max-video-preview:-1"},"canonical":"https:\/\/www.spp2130.de\/index.php\/struktur\/","og_locale":"de_DE","og_type":"article","og_title":"Struktur - \u00dcbersetzungskulturen der Fr\u00fchen Neuzeit","og_description":"Struktur &nbsp; Das SPP 2130 bietet die Rahmenbedingungen, die f\u00fchrenden Expert:innen auf dem Gebiet der Fr\u00fchneuzeit- und \u00dcbersetzungsforschung unabh\u00e4ngig von einem Wissenschaftsstandort bundesweit in einem interdisziplin\u00e4ren Forschungsverbund zusammenzubringen. &nbsp; Die&nbsp;Gesch\u00e4ftsstelle des SPP 2130 war 2018-2021 an der TU Braunschweig und ist aktuell an der JMU W\u00fcrzburg angesiedelt. Sie wird von der Sprecherin Prof. Dr. Regina Toepfer geleitet und von Annkathrin Koppers, M.A. koordiniert. Hier werden die Veranstaltungen des Verbunds vorbereitet, die Mittel f\u00fcr F\u00f6rderma\u00dfnahmen verwaltet und der SPP 2130-Newsletter herausgegeben sowie die Publikationen der open access Reihe des Verlags J. B. Metzler\/Springer \u00dcbersetzungskulturen der Fr\u00fchen Neuzeit\/Early Modern Translation Cultures betreut. &hellip;","og_url":"https:\/\/www.spp2130.de\/index.php\/struktur\/","og_site_name":"\u00dcbersetzungskulturen der Fr\u00fchen Neuzeit","article_modified_time":"2022-04-01T13:04:51+00:00","og_image":[{"url":"https:\/\/www.spp2130.de\/wp-content\/uploads\/2022\/04\/Struktur-Deutsch-ohne-Rand.jpg"}],"twitter_card":"summary_large_image","twitter_misc":{"Gesch\u00e4tzte Lesezeit":"3 Minuten"},"schema":{"@context":"https:\/\/schema.org","@graph":[{"@type":"WebPage","@id":"https:\/\/www.spp2130.de\/index.php\/struktur\/","url":"https:\/\/www.spp2130.de\/index.php\/struktur\/","name":"Struktur - \u00dcbersetzungskulturen der Fr\u00fchen Neuzeit","isPartOf":{"@id":"https:\/\/www.spp2130.de\/#website"},"primaryImageOfPage":{"@id":"https:\/\/www.spp2130.de\/index.php\/struktur\/#primaryimage"},"image":{"@id":"https:\/\/www.spp2130.de\/index.php\/struktur\/#primaryimage"},"thumbnailUrl":"https:\/\/www.spp2130.de\/wp-content\/uploads\/2022\/04\/Struktur-Deutsch-ohne-Rand.jpg","datePublished":"2018-12-22T16:17:42+00:00","dateModified":"2022-04-01T13:04:51+00:00","breadcrumb":{"@id":"https:\/\/www.spp2130.de\/index.php\/struktur\/#breadcrumb"},"inLanguage":"de-DE","potentialAction":[{"@type":"ReadAction","target":["https:\/\/www.spp2130.de\/index.php\/struktur\/"]}]},{"@type":"ImageObject","inLanguage":"de-DE","@id":"https:\/\/www.spp2130.de\/index.php\/struktur\/#primaryimage","url":"https:\/\/www.spp2130.de\/wp-content\/uploads\/2022\/04\/Struktur-Deutsch-ohne-Rand.jpg","contentUrl":"https:\/\/www.spp2130.de\/wp-content\/uploads\/2022\/04\/Struktur-Deutsch-ohne-Rand.jpg","width":925,"height":707},{"@type":"BreadcrumbList","@id":"https:\/\/www.spp2130.de\/index.php\/struktur\/#breadcrumb","itemListElement":[{"@type":"ListItem","position":1,"name":"Startseite","item":"https:\/\/www.spp2130.de\/"},{"@type":"ListItem","position":2,"name":"Struktur"}]},{"@type":"WebSite","@id":"https:\/\/www.spp2130.de\/#website","url":"https:\/\/www.spp2130.de\/","name":"\u00dcbersetzungskulturen der Fr\u00fchen Neuzeit","description":"DFG - SPP 2130","potentialAction":[{"@type":"SearchAction","target":{"@type":"EntryPoint","urlTemplate":"https:\/\/www.spp2130.de\/?s={search_term_string}"},"query-input":"required name=search_term_string"}],"inLanguage":"de-DE"}]}},"post_mailing_queue_ids":[],"_links":{"self":[{"href":"https:\/\/www.spp2130.de\/index.php\/wp-json\/wp\/v2\/pages\/25"}],"collection":[{"href":"https:\/\/www.spp2130.de\/index.php\/wp-json\/wp\/v2\/pages"}],"about":[{"href":"https:\/\/www.spp2130.de\/index.php\/wp-json\/wp\/v2\/types\/page"}],"author":[{"embeddable":true,"href":"https:\/\/www.spp2130.de\/index.php\/wp-json\/wp\/v2\/users\/1"}],"replies":[{"embeddable":true,"href":"https:\/\/www.spp2130.de\/index.php\/wp-json\/wp\/v2\/comments?post=25"}],"version-history":[{"count":37,"href":"https:\/\/www.spp2130.de\/index.php\/wp-json\/wp\/v2\/pages\/25\/revisions"}],"predecessor-version":[{"id":5507,"href":"https:\/\/www.spp2130.de\/index.php\/wp-json\/wp\/v2\/pages\/25\/revisions\/5507"}],"wp:attachment":[{"href":"https:\/\/www.spp2130.de\/index.php\/wp-json\/wp\/v2\/media?parent=25"}],"curies":[{"name":"wp","href":"https:\/\/api.w.org\/{rel}","templated":true}]}}