{"id":1004,"date":"2019-03-06T10:30:51","date_gmt":"2019-03-06T10:30:51","guid":{"rendered":"https:\/\/www.spp2130.de\/?page_id=1004"},"modified":"2022-04-07T16:26:26","modified_gmt":"2022-04-07T14:26:26","slug":"salomon-negri","status":"publish","type":"page","link":"https:\/\/www.spp2130.de\/index.php\/en\/salomon-negri\/","title":{"rendered":"Salomon Negri"},"content":{"rendered":"<h4>Transfer Processes between East and West from an Actor-Centered Perspective<\/h4>\n<p>&nbsp;<\/p>\n<h5>Salomon Negri as Translator and Cultural Broker between the Arab World and Latin Europe in the Late 17<sup>th<\/sup> and Early 18<sup>th<\/sup> Century<\/h5>\n<p>&nbsp;<\/p>\n<figure style=\"float: left; padding-right: 10px;\"><img loading=\"lazy\" decoding=\"async\" class=\"alignnone wp-image-1445 size-medium\" src=\"https:\/\/www.spp2130.de\/wp-content\/uploads\/2019\/03\/Salomon-Negri-BESCH-230x300.jpg\" alt=\"Calligraphy exercises of Salomon Negri in Latin, Arabic, Persian, and Hebrew script\" width=\"230\" height=\"300\" srcset=\"https:\/\/www.spp2130.de\/wp-content\/uploads\/2019\/03\/Salomon-Negri-BESCH-230x300.jpg 230w, https:\/\/www.spp2130.de\/wp-content\/uploads\/2019\/03\/Salomon-Negri-BESCH-768x1000.jpg 768w, https:\/\/www.spp2130.de\/wp-content\/uploads\/2019\/03\/Salomon-Negri-BESCH-786x1024.jpg 786w, https:\/\/www.spp2130.de\/wp-content\/uploads\/2019\/03\/Salomon-Negri-BESCH-600x781.jpg 600w, https:\/\/www.spp2130.de\/wp-content\/uploads\/2019\/03\/Salomon-Negri-BESCH.jpg 1010w\" sizes=\"(max-width: 230px) 100vw, 230px\" \/><figcaption style=\"font-size: 8pt;\"><span style=\"font-size: 10pt;\">Calligraphy exercises of Salomon Negri<\/span><\/figcaption><\/figure>\n<p>The project aims to undertake a comprehensive reconstruction of the career of the Syrian Christian Salomon Negri (Sulaym\u0101n b. Ya\u02bfq\u016bb al-Sh\u0101m\u012b al-\u1e62\u0101li\u1e25\u0101n\u012b, also known as Sulaim\u0101n al-Aswad, c. 1665\u20131729), his activities as a scholar, librarian, language teacher, and interpreter, as well as his work as a translator. Negri, whose checkered career led him to Paris, London, Halle, Venice, Rome, and Constantinople, among other places, is regarded as a representative figure for the group of Christian scholars from the Middle East who played a notable role in early modern transfers of knowledge and culture between East and West, and who engaged in processes of mediation and translation between the European Republic of Letters and the Ottoman-Arab world.<\/p>\n<p>&nbsp;<\/p>\n<p>The project is situated at the intersections of three research areas: the history of cultural brokers; the history of cultural exchange between the Ottoman-Arab world and the Christian Occident; and the history of language learning, especially the acquisition and study of Oriental languages. Salomon Negri is considered as a cultural mediator who built bridges between Orient and Occident.<br \/>\nThe project, which is located at the University of Bamberg, led by <a href=\"https:\/\/www.spp2130.de\/index.php\/en\/project-directors\/#haeberlein\" rel=\"noopener noreferrer\">Prof Dr Mark H\u00e4berlein<\/a> and worked on by <a href=\"https:\/\/www.spp2130.de\/index.php\/en\/research-assistants\/#manstetten\" rel=\"noopener noreferrer\">Dr Paula Manstetten<\/a>, combines micro-historical, anthropological and philological concepts and methods; it also reconstructs Negri\u2019s scholarly and religious networks.<\/p>\n<p>&nbsp;<\/p>\n<p><a href=\"https:\/\/www.uni-bamberg.de\/hist-ng\/forschung\/west-oestliche-transferprozesse\/\" target=\"_blank\" rel=\"noopener noreferrer\">Project website<\/a> at the University Bamberg.<\/p>\n<p>&nbsp;<\/p>\n<h5><strong>Publications (project-related):<\/strong><\/h5>\n<ul>\n<li><a href=\"https:\/\/www.spp2130.de\/index.php\/en\/publications\/#manstetten\">Dr Paula Manstetten<\/a><\/li>\n<\/ul>\n","protected":false},"excerpt":{"rendered":"<p>Transfer Processes between East and West from an Actor-Centered Perspective &nbsp; Salomon Negri as Translator and Cultural Broker between the Arab World and Latin Europe in the Late 17th and Early 18th Century &nbsp; Calligraphy exercises of Salomon Negri The project aims to undertake a comprehensive reconstruction of the career of the Syrian Christian Salomon Negri (Sulaym\u0101n b. Ya\u02bfq\u016bb al-Sh\u0101m\u012b al-\u1e62\u0101li\u1e25\u0101n\u012b, also known as Sulaim\u0101n al-Aswad, c. 1665\u20131729), his activities as a scholar, librarian, language teacher, and interpreter, as well as his work as a translator. Negri, whose checkered career led him to Paris, London, Halle, Venice, Rome, and Constantinople, &hellip;<\/p>\n","protected":false},"author":8,"featured_media":0,"parent":0,"menu_order":0,"comment_status":"closed","ping_status":"closed","template":"","meta":{"footnotes":""},"yoast_head":"<!-- This site is optimized with the Yoast SEO plugin v22.5 - https:\/\/yoast.com\/wordpress\/plugins\/seo\/ -->\n<title>Salomon Negri - \u00dcbersetzungskulturen der Fr\u00fchen Neuzeit<\/title>\n<meta name=\"robots\" content=\"index, follow, max-snippet:-1, max-image-preview:large, max-video-preview:-1\" \/>\n<link rel=\"canonical\" href=\"https:\/\/www.spp2130.de\/index.php\/en\/salomon-negri\/\" \/>\n<meta property=\"og:locale\" content=\"de_DE\" \/>\n<meta property=\"og:type\" content=\"article\" \/>\n<meta property=\"og:title\" content=\"Salomon Negri - \u00dcbersetzungskulturen der Fr\u00fchen Neuzeit\" \/>\n<meta property=\"og:description\" content=\"Transfer Processes between East and West from an Actor-Centered Perspective &nbsp; Salomon Negri as Translator and Cultural Broker between the Arab World and Latin Europe in the Late 17th and Early 18th Century &nbsp; Calligraphy exercises of Salomon Negri The project aims to undertake a comprehensive reconstruction of the career of the Syrian Christian Salomon Negri (Sulaym\u0101n b. Ya\u02bfq\u016bb al-Sh\u0101m\u012b al-\u1e62\u0101li\u1e25\u0101n\u012b, also known as Sulaim\u0101n al-Aswad, c. 1665\u20131729), his activities as a scholar, librarian, language teacher, and interpreter, as well as his work as a translator. Negri, whose checkered career led him to Paris, London, Halle, Venice, Rome, and Constantinople, &hellip;\" \/>\n<meta property=\"og:url\" content=\"https:\/\/www.spp2130.de\/index.php\/en\/salomon-negri\/\" \/>\n<meta property=\"og:site_name\" content=\"\u00dcbersetzungskulturen der Fr\u00fchen Neuzeit\" \/>\n<meta property=\"article:modified_time\" content=\"2022-04-07T14:26:26+00:00\" \/>\n<meta property=\"og:image\" content=\"https:\/\/www.spp2130.de\/wp-content\/uploads\/2019\/03\/Salomon-Negri-BESCH-230x300.jpg\" \/>\n<meta name=\"twitter:card\" content=\"summary_large_image\" \/>\n<meta name=\"twitter:label1\" content=\"Gesch\u00e4tzte Lesezeit\" \/>\n\t<meta name=\"twitter:data1\" content=\"1 Minute\" \/>\n<script type=\"application\/ld+json\" class=\"yoast-schema-graph\">{\"@context\":\"https:\/\/schema.org\",\"@graph\":[{\"@type\":\"WebPage\",\"@id\":\"https:\/\/www.spp2130.de\/index.php\/en\/salomon-negri\/\",\"url\":\"https:\/\/www.spp2130.de\/index.php\/en\/salomon-negri\/\",\"name\":\"Salomon Negri - \u00dcbersetzungskulturen der Fr\u00fchen Neuzeit\",\"isPartOf\":{\"@id\":\"https:\/\/www.spp2130.de\/#website\"},\"primaryImageOfPage\":{\"@id\":\"https:\/\/www.spp2130.de\/index.php\/en\/salomon-negri\/#primaryimage\"},\"image\":{\"@id\":\"https:\/\/www.spp2130.de\/index.php\/en\/salomon-negri\/#primaryimage\"},\"thumbnailUrl\":\"https:\/\/www.spp2130.de\/wp-content\/uploads\/2019\/03\/Salomon-Negri-BESCH-230x300.jpg\",\"datePublished\":\"2019-03-06T10:30:51+00:00\",\"dateModified\":\"2022-04-07T14:26:26+00:00\",\"breadcrumb\":{\"@id\":\"https:\/\/www.spp2130.de\/index.php\/en\/salomon-negri\/#breadcrumb\"},\"inLanguage\":\"de-DE\",\"potentialAction\":[{\"@type\":\"ReadAction\",\"target\":[\"https:\/\/www.spp2130.de\/index.php\/en\/salomon-negri\/\"]}]},{\"@type\":\"ImageObject\",\"inLanguage\":\"de-DE\",\"@id\":\"https:\/\/www.spp2130.de\/index.php\/en\/salomon-negri\/#primaryimage\",\"url\":\"https:\/\/www.spp2130.de\/wp-content\/uploads\/2019\/03\/Salomon-Negri-BESCH.jpg\",\"contentUrl\":\"https:\/\/www.spp2130.de\/wp-content\/uploads\/2019\/03\/Salomon-Negri-BESCH.jpg\",\"width\":1010,\"height\":1315,\"caption\":\"Kalligraphie\u00fcbungen Salomon Negris auf Latein, Arabisch, Persisch, und in Hebr\u00e4ischer Schrift\"},{\"@type\":\"BreadcrumbList\",\"@id\":\"https:\/\/www.spp2130.de\/index.php\/en\/salomon-negri\/#breadcrumb\",\"itemListElement\":[{\"@type\":\"ListItem\",\"position\":1,\"name\":\"Startseite\",\"item\":\"https:\/\/www.spp2130.de\/\"},{\"@type\":\"ListItem\",\"position\":2,\"name\":\"Salomon Negri\"}]},{\"@type\":\"WebSite\",\"@id\":\"https:\/\/www.spp2130.de\/#website\",\"url\":\"https:\/\/www.spp2130.de\/\",\"name\":\"\u00dcbersetzungskulturen der Fr\u00fchen Neuzeit\",\"description\":\"DFG - SPP 2130\",\"potentialAction\":[{\"@type\":\"SearchAction\",\"target\":{\"@type\":\"EntryPoint\",\"urlTemplate\":\"https:\/\/www.spp2130.de\/?s={search_term_string}\"},\"query-input\":\"required name=search_term_string\"}],\"inLanguage\":\"de-DE\"}]}<\/script>\n<!-- \/ Yoast SEO plugin. -->","yoast_head_json":{"title":"Salomon Negri - \u00dcbersetzungskulturen der Fr\u00fchen Neuzeit","robots":{"index":"index","follow":"follow","max-snippet":"max-snippet:-1","max-image-preview":"max-image-preview:large","max-video-preview":"max-video-preview:-1"},"canonical":"https:\/\/www.spp2130.de\/index.php\/en\/salomon-negri\/","og_locale":"de_DE","og_type":"article","og_title":"Salomon Negri - \u00dcbersetzungskulturen der Fr\u00fchen Neuzeit","og_description":"Transfer Processes between East and West from an Actor-Centered Perspective &nbsp; Salomon Negri as Translator and Cultural Broker between the Arab World and Latin Europe in the Late 17th and Early 18th Century &nbsp; Calligraphy exercises of Salomon Negri The project aims to undertake a comprehensive reconstruction of the career of the Syrian Christian Salomon Negri (Sulaym\u0101n b. Ya\u02bfq\u016bb al-Sh\u0101m\u012b al-\u1e62\u0101li\u1e25\u0101n\u012b, also known as Sulaim\u0101n al-Aswad, c. 1665\u20131729), his activities as a scholar, librarian, language teacher, and interpreter, as well as his work as a translator. Negri, whose checkered career led him to Paris, London, Halle, Venice, Rome, and Constantinople, &hellip;","og_url":"https:\/\/www.spp2130.de\/index.php\/en\/salomon-negri\/","og_site_name":"\u00dcbersetzungskulturen der Fr\u00fchen Neuzeit","article_modified_time":"2022-04-07T14:26:26+00:00","og_image":[{"url":"https:\/\/www.spp2130.de\/wp-content\/uploads\/2019\/03\/Salomon-Negri-BESCH-230x300.jpg"}],"twitter_card":"summary_large_image","twitter_misc":{"Gesch\u00e4tzte Lesezeit":"1 Minute"},"schema":{"@context":"https:\/\/schema.org","@graph":[{"@type":"WebPage","@id":"https:\/\/www.spp2130.de\/index.php\/en\/salomon-negri\/","url":"https:\/\/www.spp2130.de\/index.php\/en\/salomon-negri\/","name":"Salomon Negri - \u00dcbersetzungskulturen der Fr\u00fchen Neuzeit","isPartOf":{"@id":"https:\/\/www.spp2130.de\/#website"},"primaryImageOfPage":{"@id":"https:\/\/www.spp2130.de\/index.php\/en\/salomon-negri\/#primaryimage"},"image":{"@id":"https:\/\/www.spp2130.de\/index.php\/en\/salomon-negri\/#primaryimage"},"thumbnailUrl":"https:\/\/www.spp2130.de\/wp-content\/uploads\/2019\/03\/Salomon-Negri-BESCH-230x300.jpg","datePublished":"2019-03-06T10:30:51+00:00","dateModified":"2022-04-07T14:26:26+00:00","breadcrumb":{"@id":"https:\/\/www.spp2130.de\/index.php\/en\/salomon-negri\/#breadcrumb"},"inLanguage":"de-DE","potentialAction":[{"@type":"ReadAction","target":["https:\/\/www.spp2130.de\/index.php\/en\/salomon-negri\/"]}]},{"@type":"ImageObject","inLanguage":"de-DE","@id":"https:\/\/www.spp2130.de\/index.php\/en\/salomon-negri\/#primaryimage","url":"https:\/\/www.spp2130.de\/wp-content\/uploads\/2019\/03\/Salomon-Negri-BESCH.jpg","contentUrl":"https:\/\/www.spp2130.de\/wp-content\/uploads\/2019\/03\/Salomon-Negri-BESCH.jpg","width":1010,"height":1315,"caption":"Kalligraphie\u00fcbungen Salomon Negris auf Latein, Arabisch, Persisch, und in Hebr\u00e4ischer Schrift"},{"@type":"BreadcrumbList","@id":"https:\/\/www.spp2130.de\/index.php\/en\/salomon-negri\/#breadcrumb","itemListElement":[{"@type":"ListItem","position":1,"name":"Startseite","item":"https:\/\/www.spp2130.de\/"},{"@type":"ListItem","position":2,"name":"Salomon Negri"}]},{"@type":"WebSite","@id":"https:\/\/www.spp2130.de\/#website","url":"https:\/\/www.spp2130.de\/","name":"\u00dcbersetzungskulturen der Fr\u00fchen Neuzeit","description":"DFG - SPP 2130","potentialAction":[{"@type":"SearchAction","target":{"@type":"EntryPoint","urlTemplate":"https:\/\/www.spp2130.de\/?s={search_term_string}"},"query-input":"required name=search_term_string"}],"inLanguage":"de-DE"}]}},"post_mailing_queue_ids":[],"_links":{"self":[{"href":"https:\/\/www.spp2130.de\/index.php\/wp-json\/wp\/v2\/pages\/1004"}],"collection":[{"href":"https:\/\/www.spp2130.de\/index.php\/wp-json\/wp\/v2\/pages"}],"about":[{"href":"https:\/\/www.spp2130.de\/index.php\/wp-json\/wp\/v2\/types\/page"}],"author":[{"embeddable":true,"href":"https:\/\/www.spp2130.de\/index.php\/wp-json\/wp\/v2\/users\/8"}],"replies":[{"embeddable":true,"href":"https:\/\/www.spp2130.de\/index.php\/wp-json\/wp\/v2\/comments?post=1004"}],"version-history":[{"count":27,"href":"https:\/\/www.spp2130.de\/index.php\/wp-json\/wp\/v2\/pages\/1004\/revisions"}],"predecessor-version":[{"id":5613,"href":"https:\/\/www.spp2130.de\/index.php\/wp-json\/wp\/v2\/pages\/1004\/revisions\/5613"}],"wp:attachment":[{"href":"https:\/\/www.spp2130.de\/index.php\/wp-json\/wp\/v2\/media?parent=1004"}],"curies":[{"name":"wp","href":"https:\/\/api.w.org\/{rel}","templated":true}]}}